ppose -35 = -k - 4*k. Calculate the highest common divisor of b and k.
7
Let h = -260 - -546. What is the greatest common divisor of 22 and h?
22
Let i be 1416/3 + -5 + 2. Suppose 5*c - i + 139 = 0. Let m be 11/4*(-2 + 6). Calculate the greatest common divisor of c and m.
11
Suppose -14*x + 198 - 128 = 0. Calculate the highest common divisor of 1410 and x.
5
Let g be -1 + 28 + (5 + -9 - -4). Suppose l + 5*s = 2*l - g, 0 = -2*l + 3*s + 19. What is the highest common divisor of 4 and l?
2
Suppose -5*l = 5*a - 260, 0 = -2*l - 9*a + 11*a + 112. Calculate the highest common factor of l and 150.
6
Suppose -2*h = -36 - 114. Let k = -66 - -96. What is the highest common divisor of k and h?
15
Suppose 5*o - 67 = -3*d, -3*d - d = -5*o - 31. Suppose d*z - 54 = 5*z. What is the highest common divisor of 2 and z?
2
Let r be 200/(-12)*132/(-8). Calculate the highest common divisor of r and 50.
25
Suppose 0 = -2*m + 33 + 39. Suppose -m*s = -35*s - 25. Calculate the highest common factor of 10 and s.
5
Let w be ((-39)/(-26))/((-1)/(-2)). Let u be w/((-21)/(-4) - 5). What is the highest common divisor of u and 48?
12
Let b be -9 - (0 + (8 - 44)). Let o = -27 - -45. What is the highest common divisor of b and o?
9
Suppose -687 = -6*d + 4503. Suppose 0 = -5*x - 3*p + d, -x + 367 = x - 3*p. Calculate the greatest common factor of 16 and x.
16
Let o = -825 + 831. Calculate the highest common divisor of o and 38.
2
Let l = -72 + 387. What is the highest common divisor of l and 225?
45
Suppose -117 = o + 2*o. Let b = 63 + o. Calculate the greatest common divisor of 6 and b.
6
Let k = -1861 + 1872. Suppose -5*f + 112 = 2. What is the highest common divisor of k and f?
11
Let n be -1 + 27 - 22/(-11). Suppose -3*u - 81 = -4*u. Let m = u - 39. Calculate the highest common divisor of n and m.
14
Suppose 120 = 3*k + 2*k. Suppose 1363*b = 1367*b - 64. Calculate the greatest common divisor of k and b.
8
Let c be 43 - ((-8 - -5) + (-3)/(-3)). Calculate the greatest common factor of c and 60.
15
Suppose o - 2*g = 2, -o - 3*o = g + 1. Suppose o = -4*f + f - 5*m - 1, -5*m = 4*f - 7. Let r = f + 6. Calculate the greatest common divisor of r and 126.
14
Let t be ((-12)/15)/(4/(-930)). Suppose 0 = -3*w - 2*w + y + 303, -2*y - t = -3*w. Calculate the highest common divisor of 36 and w.
12
Suppose 5*b + 39 + 20 = 2*q, 2*q - 4*b = 56. Suppose 3*c = c + q. What is the highest common divisor of 22 and c?
11
Let k be (0 - 64)/(40/19 + -2). Let b = -366 - k. Let x(y) = 3*y**2 + 2*y + 1. Let h be x(-3). What is the greatest common divisor of h and b?
22
Let b(r) = 129*r + 417. Let h be b(-3). Let x(m) = -11*m - 2. Let v be x(-2). What is the greatest common divisor of v and h?
10
Suppose 95 = 3*g - 133. Suppose -2*b + 224*l - 228*l + 24 = 0, 2*l + 8 = 4*b. What is the highest common divisor of g and b?
4
Let z(h) = 141*h**2 + 277*h. Let a be z(-2). Suppose 3*y = -5*c + 119, 33 = 3*c + 4*y - 34. What is the greatest common divisor of a and c?
5
Let q = 7 + -5. Let w(i) = i**2 - 2*i + 2. Let t be w(q). Let r be (-9 - -1)/((-1)/t). Calculate the greatest common factor of 16 and r.
16
Suppose -5*o = -4 + 49. Let j = 192 + o. Let k be j/2 - (-12)/(-8). What is the highest common divisor of k and 18?
18
Let j be (48/80)/(2/50). What is the highest common divisor of 855 and j?
15
Let u(t) be the second derivative of t**5/20 - 19*t**4/12 + 11*t**3/3 - 22*t**2 - 38*t. Let f be u(18). What is the greatest common factor of 4 and f?
4
Suppose 4 = g + 1. Let v = 6 - g. Let k be 1140/(-190) + (-24)/(-2). Calculate the highest common factor of k and v.
3
Let o = 51 + -3. Suppose -16 = 2*b - 3*b. Calculate the highest common factor of b and o.
16
Suppose -7*g + 290 = -2*g. Calculate the highest common divisor of g and 29.
29
Let f be ((-15)/12)/((-1)/12). Calculate the greatest common divisor of f and 55.
5
Suppose -2*s - 5 = 5*k, 7*k - 2*k - 4*s + 5 = 0. Let z be 1 - k/(-1)*-1. Let t(c) = -c**2 + 9*c. Let l be t(8). Calculate the highest common factor of z and l.
2
Suppose -57*h + 960 = -49*h. Calculate the greatest common factor of 72 and h.
24
Let u be (-3 + 8 + -2)/(-1). Let l be (-103)/u + (-28)/(-42). Calculate the highest common factor of l and 140.
35
Suppose -2*t - 145 = 2*z - 3*t, -2*z - 165 = -5*t. Let r = -45 - z. Let g = r - 16. What is the highest common factor of g and 1?
1
Suppose -8*p + 84 = -6*p. Let k = 56 + -35. Calculate the highest common factor of k and p.
21
Let r(v) = -110*v - 108*v - 22 + 10 + 227*v. Suppose u + 7*n + 5 = 2*n, -5*u = n - 23. Let o be r(u). Calculate the highest common divisor of o and 22.
11
Let q be 4 - 0 - (-5 - (221 + -2)). Calculate the greatest common divisor of 57 and q.
57
Let h(j) = 10*j - 7 - 3*j**2 - 6*j - 4. Let g be h(5). Let a be g/(-8) + 5/(-20). What is the highest common divisor of a and 72?
8
Let n = -76 - -98. Suppose -2*v + 38 = 4*f - 7*f, n = 2*v + f. Calculate the greatest common factor of v and 143.
13
Let s be 633 + ((-4)/4 - -3) - -5. Calculate the highest common factor of 240 and s.
80
Let k = 442 - 386. Calculate the greatest common factor of 152 and k.
8
Suppose 6*i - 64 = 20. What is the greatest common divisor of i and 140?
14
Let x be 2/(-14) + 1085/49. What is the greatest common divisor of x and 352?
22
Let y = 213 - 162. Calculate the greatest common factor of y and 17.
17
Let h be 36288/729 - 4/(-18). Calculate the greatest common factor of 160 and h.
10
Let h(x) be the first derivative of -x**4/4 + 10*x**3/3 + 7*x**2/2 - 24*x - 23. Let m be h(9). Calculate the greatest common divisor of 40 and m.
40
Suppose -5*f = -6*f - 2*n + 20, f - n = 23. Calculate the highest common factor of 66 and f.
22
Suppose -22 = -8*c + 10. Suppose -2*f = -b - 5*f + 291, 2*b + c*f - 586 = 0. Calculate the greatest common factor of b and 27.
27
Let w = -434 - -450. Calculate the highest common divisor of w and 128.
16
Let x be ((-22)/44)/(3/(-30)). Calculate the greatest common factor of 335 and x.
5
Let a be (1144/132)/(-3 - (-843)/279). What is the highest common factor of 52 and a?
13
Let s be (7 - -1)*(-3278)/(0 - 11). Calculate the greatest common factor of s and 149.
149
Let j = -27 - -132. Let k = j + -50. Suppose x = k + 5. Calculate the highest common divisor of 24 and x.
12
Suppose 4*z - 8*z + 260 = 0. What is the greatest common factor of 845 and z?
65
Let d = -346 - -718. Calculate the greatest common divisor of 84 and d.
12
Suppose c + 59 = -14. Let t = c - -113. Calculate the highest common factor of 8 and t.
8
Let y be 54/(-3)*(15/(-6))/5. Let z be (-45)/(-6)*(-102)/(-5). Calculate the greatest common divisor of y and z.
9
Suppose -5*y = 5*j - 5, 759*j + 13 = y + 757*j. Suppose 0 = 4*a - 6 + 2. Let f be 6/(a + 7/(-10)). What is the highest common divisor of y and f?
5
Let x = -8 + 22. Suppose 0 = -2*w - 4*s + 2, -s - 2 - 15 = -3*w. Suppose 0 = -w*g + 253 - 43. Calculate the highest common divisor of x and g.
14
Let n(c) = c**3 + 32*c**2 - 29*c + 252. Let k be n(-33). What is the greatest common factor of 104 and k?
8
Suppose 752 - 230 = 2*v - 4*t, 5*t + 1285 = 5*v. Calculate the greatest common factor of v and 99.
11
Let r = -336 - -343. Calculate the greatest common divisor of r and 133.
7
Suppose 4*d + 4 = 3*d. Let m = d - -8. What is the highest common divisor of m and 12?
4
Let w(g) = 2*g + 51. Let r be w(-6). What is the highest common divisor of r and 156?
39
Suppose -49 = 3*l - 301. Let a be (30/(-12))/((-2)/l). Suppose 9 - a = -2*r. Calculate the greatest common factor of r and 32.
16
Suppose -3*b - 1 + 7 = 0. Let r be -2 + (-2 - -4*2). Suppose -8 = -b*i + 2*a, -6*a + 2*a = r*i - 48. What is the highest common divisor of i and 40?
8
Suppose 0 = -3*q - 5*s - 12, 4*s - 57 = -3*q + 8*q. Let c(b) = 16*b**2 - 2*b - 1. Let w be c(1). Let a = w - q. What is the highest common divisor of a and 88?
22
Let f(r) = -24*r - 27. Let y be f(-13). Suppose -15*l - y = -18*l. Calculate the highest common factor of l and 38.
19
Let y(t) = 5*t + 22. Let r be y(-4). Calculate the greatest common factor of r and 2.
2
Let c(k) = k**2 - 23*k + 113. Let w be c(17). Let y = 126 - 16. Suppose 4*o + o - y = 0. Calculate the greatest common factor of o and w.
11
Let z(s) = s**3 - 7*s**2 - 9*s + 8. Let x be z(8). Suppose 4*i = -x*i + 4. Let l = 2 - 1. C